
15 - 23 - -48 - 17
23
Calculate 151 + -1541 + 1524 + -8 + -1.
125
((-8 - 5) + -16 - 1 - -13) + -10
-27
Calculate 1 + 1 + (-2 + 7 - (-23 + 22 + -15)).
23
Calculate -67 + -29 + 63 + (89 - 21).
35
What is the value of -23 - -3 - ((542 - 456) + (-1 - 9))?
-96
Evaluate 14 + (13 - 2 - 20 - 6) + 29.
28
82 + (13 - 0 - (128 + -128))
95
What is the value of 10 - (7 + (-14 - -28) - (1 - -2))?
-8
Calculate -42 + -4 - (-75 + 80) - -20.
-31
Calculate -26 + -3 - (-46 - -61) - 14.
-58
What is 2 + -3 + 20 + (-12 + 12 - -1)?
20
What is 1 + (-29 - -51) + -42 + -4 + -5 + 3?
-25
-30 + (10 - (-7 - -13)) - 11
-37
0 - -32 - (-4 - (55 - (4 - -37)))
50
What is (178 - 142 - 38) + (0 - -26)?
24
Calculate 87 + 20 + (-26 - -31 - (-1 + -12)).
125
-20 - (3 + (10 + -25 - -9))
-17
Evaluate (-2 - 8) + 0 + 9 + (-78 - -53).
-26
Calculate -160 - (-162 - (-196 - -63)).
-131
87 + -117 + (-2 - -101)
69
What is -89 + 41 + 156 + -155?
-47
What is (-58 - -8) + 22 + -65 + 96?
3
Evaluate 23 + (31 - 73) - ((-9 - -11) + 1).
-22
What is the value of -35 + (10 - (1 + -1)) + 53 + -72?
-44
24 + -10 + 25 + -14 + 1 + 12
38
Calculate (-13 - -17) + 11 - 19 - (-1 - 0) - 72.
-75
What is the value of 20 - 2 - (-26 + 27) - (39 - 41)?
19
Calculate (12 - 23 - -9) + 34 + 22.
54
Evaluate (202 - 181) + (-10 - -1) + -18.
-6
Evaluate 26 - 29 - (2 + 31 + 1 + 12 + -7).
-42
Calculate -279 + 144 + 140 + (1 - 41).
-35
Calculate 167 - ((-46 - -91) + 35).
87
What is (-47 - -73 - 70) + 58?
14
Evaluate -326 + 278 - (-3 + (-1 - 0 - 5)).
-39
Evaluate 26 - 4 - 10 - (2 + 14) - -67.
63
Evaluate (4 - (-1 + 3)) + -14 - ((-219 - -141) + 75).
-9
Calculate 13 - (-1 - -11) - (-28 + -3).
34
What is 78 - (-78 + 49 + -16 + -2)?
125
(25 - 49) + -35 + 31
-28
What is -128 + 108 - (-70 - -6)?
44
What is -5 - ((-1 + 8 - (295 - 303)) + -16)?
-4
(-4 - 41) + 175 + 83 + -82
131
What is 26 + (-11 - (34 + 31))?
-50
Evaluate 74 + -62 + (3 - (0 - 2)).
17
-13 + (-14 - (-30 + -21))
24
What is -50 + 104 + (-30 - -2 - -6)?
32
21 + (8 + -7 + -4 - -16)
34
Calculate (-33 + 40 - (-1 - (0 + 2))) + -33 + 32.
9
What is the value of -1 - -29 - (1302 + -1353 + (32 - -2))?
45
What is 97 - 30 - (-15 + -22)?
104
Evaluate -5 + (7 - -49) + -107.
-56
What is -1 + 81 - (2235 + -2242)?
87
3 + -12 - -6 - ((-1 - 6) + 503 + -477)
-22
What is the value of 106 + (37 - (-107 + 120))?
130
What is (-14 + 14 - -2) + 3 + (-71 - (-5 + 1))?
-62
(-1 - -10) + (-18 - (4 - 10)) - (45 - -18)
-66
What is the value of 12 + (-2 - -1) + (-3261 - -3250) + 5?
5
52 - (-7 - -14 - 2 - (-27 - -18) - 12)
50
What is (5 - 9) + -19 - (2 - -10) - -13?
-22
Evaluate 135 - (-36 - (-92 + 43)).
122
What is the value of 12 + 9 + 16 + -71?
-34
What is 8 - -1 - 1 - (-4 + -22 + 35)?
-1
What is the value of 0 + 30 + -3 - -1 - (75 + -132 + 46)?
39
What is -947 + 960 + -1 + -2 + -9 + -84?
-83
-103 - (-82 - 17) - (-14 - (3 - 1))
12
(9 - -10) + 2 - (323 - 222)
-80
Calculate (1 + 1 - 16) + (-8708 - -8703).
-19
Calculate 55 + 1 + (15 - (0 - 11 - (305 - 326))).
61
Calculate -7 - 0 - (-37 - (-27 + -56) - 22).
-31
What is -2 + (-58 + 1 - -51)?
-8
-49 - (-25 + 40 + 1 - (4 - (-3 - 2)))
-56
Evaluate -21 + (65 - (39 + -38)).
43
What is (8 + -4 - (156 - 158)) + 25?
31
What is the value of (-43 - -38 - (-3 - -10)) + (26 - 108)?
-94
What is the value of -125 - ((3 - (1 + -21 - -4)) + -37)?
-107
39 + (74 - 120) - (121 - -4)
-132
What is the value of (-41 - (19 - (30 - -10))) + 37?
17
What is -9 + -42 + -7 + 47 + -28?
-39
What is the value of (-8 + 4 - -5) + 17 + (0 - 28)?
-10
What is the value of (-3 - -20 - 7) + 4 + -1 + -86 + 20?
-53
Evaluate 93 + (141 - 371) - -143.
6
Calculate (-43 - -1) + (1243 - 1198) - -69.
72
What is 1476 + -1471 - (-35 + 3)?
37
What is 20 + 3 + -30 + -35 + 56?
14
What is (-53 - (-39 + -29)) + -7?
8
Evaluate 20 + 2 + 648 + -647.
23
(-26 - -13 - -25) + -46 + 33 + 1 + -30
-30
31 - (-70 - -136) - (5 + 9)
-49
What is the value of (-175 + 290 - 116) + (-1 - 1)?
-3
What is the value of (-1 - -5) + (-30 - (-12 + (-20 - -16)))?
-10
What is the value of 5 - (19 + -1 + -9) - -7 - (8 - -83)?
-88
What is the value of -74 + 75 + -7 + -26?
-32
Evaluate (-12 - (2 + 5)) + (115 - 151).
-55
What is the value of (50 - 71 - 14) + -10?
-45
What is (-50 - (-47 - 22)) + -56?
-37
Evaluate 5 + 9 + (-9 - (-6 + -10)).
21
Calculate 1 + -1 + (20 + (-39 - 19) - 13).
-51
What is the value of -9 - (-2 + 3) - (482 + -471) - (2 + -7)?
-16
31 + -24 + (3 - 51) + 4
-37
Evaluate -24 + 79 + -42 + (-2 - 40 - -3).
-26
26 + (15 + -106 - -113)
48
What is 148 - (-106 + 104 + 35)?
115
(-8 - -15) + 42 + -19 + -2
28
What is (14 - (17 - -46 - 23)) + -12?
-38
-151 + (-34 - (31 + -59))
-157
Evaluate -124 - (-81 + 86) - -104.
-25
20 + -23 + (-9 + -2 - (-45 + 18))
13
What is the value of (-20 - -5 - -25 - 63) + 5 - -5?
-43
Calculate 17 + -205 + 155 + (22 - 1).
-12
What is the value of -27 + -10 + (11 - -2) - (2 - 14)?
-12
What is the value of 3 + (4 - 0) - (55 + -56 - -17)?
-9
Calculate 5 + (-17 - -2 - -29) + (-9 - -125).
135
What is 4 - (111 + -4 + -3 + 3) - (-334 - -348)?
-117
Calculate -43 - ((34 - (14 - -31)) + 60).
-92
Calculate (3 - 2) + (-9 + 23 - 18) + -18.
-21
What is the value of (-3 - 0 - (-323 - -330)) + (45 - 14)?
21
What is the value of -31 + 43 + (-15 - -4) + -1 - -11?
11
Calculate 2 + (-2 - -4) + 6 + (-15 + -5 - -41).
31
What is the value of 22 + (8 + 2 - 1 - -20)?
51
Calculate 23 - 15 - (-119 + 124).
3
What is the value of -20 - (-11 - ((5 - -17) + -13))?
0
What is the value of (-66 - -26) + 31 + -23?
-32
-45 - (-1 + -1 + (-6 - -19 - -16 - 35))
-37
Calculate 1390 - 1462 - (0 - (-17 + 3)).
-86
What is the value of 30 + -32 + (-38 - ((-1 - 1 - -1) + -3))?
-36
What is 43 + (-16 - (-114 - -134))?
7
What is -1 - -14 - 3 - (-8 + 5 + -15)?
28
Evaluate 54 - (-35 + 21 - -46).
22
Evaluate 321 + -284 - (2 + 7).
28
What is (-7 + -121 - -121) + -88?
-95
What is the value of 99 + -110 + -6 + 74?
57
What is 3160 - 3190 - (1 + (16 - -2))?
-49
Evaluate -31 + 82 + -40 - (3 + -35 - -1 - 3).
45
Evaluate 22 - (-23 + 5 + -41 + 7).
74
Calculate (4 - 8 - (5 - 16)) + 41 + -9.
39
What is the value of 1568 + -1603 - ((-4 - 115) + -3)?
87
Calculate 41 + -1 + (3 - (-3 + -4) - 2).
48
Calculate (-360 - -361 - (0 + 1)) + (0 - 1) - 20.
-21
What is the value of -254 + 167 - (-79 - -22)?
-30
Evaluate (-10 - (-1 - 0)) + (-1035 - -1024) + 8.
-12
-27 - 1 - (101 - 180 - -40)
11
What is -299 + 285 - (13 - 5 - 4) - -16?
-2
-78 - (-65 - 18 - -34)
-29
-91 + (-64 - (-41 - -20)) + 54
-80
Calculate -20 + 40 + -35 + 13 + (12 - -8).
18
Calculate -39 - (4 - (10 - ((-24 - -11) + 15))).
-35
What is the value of -2 + 8 + -4 - (-66 - (16 + -45))?
39
(19436 - 19526) + (0 - -51)
-39
Evaluate (657 - 612) + (-16 - 1).
28
Evaluate 8 + (-73 - -37) + -2.
-30
-70 + (16 - (54 + -24 - 44))
-40
91 + -112 - (5 - -59)
-85
What is the value of 143 + -132 + -89 + -4 - 24?
-106
2 + -3 - (0 - -39) - (117 - (287 - 161))
-31
Evaluate (-94 - -38 - -111) + (-16 - 0).
39
2 - ((8 - 5) + -21 + 20) - (-29 - -2)
27
What is the value of 13 - (-19 - (14 - 18) - (3 - -9))?
40
What is the value of 10 + -13 - (551 - 488)?
-66
Evaluate 1 + 92 + (7 - (-3 + 7 - 9)) - 9.
96
Evaluate 44 - -10 - (192 + -167).
29
Calculate (-215 - -223) + -1 + -16 - 55.
-64
What is the value of -9 + 66 + 265 + -280?
42
Evaluate 2 + (-21 - (-4 - 7)) - (43 + -19).
-32
What is -19 + -1 + (-8 + -20 - -4)?
-44
Calculate -39 - (-19 - (-29 + -13 + 24 - -4)).
-34
Calculate (53 - (24 - 29) - 23) + -21.
14
Calculate 17 + -22 + (3 - 10) + -26 + 8.
-30
What is the value of (15 - 25 - (-3 - (8 - 1))) + (-11 - -86)?
75
54 + -72 + (-8 - -12) + -3
-17
(-31 - -46 - 39 - -14) + -28
-38
Calculate -1 + (10 + -10 + 59 - -19).
77
((-40 - -33) + 46 - -36) + (0 - 12)
63
Evaluate -9 + (-7 + -1 + (47 - 50) - -12) + 48.
40
(-58 - -109) + 52 + -82
21
What is the value of -32 - ((786 - 741) + 1 + -16)?
-62
Calculate (44 - 44 - 77) + 74.
-3
Calculate -11 - ((17 + -5 - 2 - -4) + 0 + -101).
76
48 + (0 - 26) + -127 + 5
-100
Calculate (-54 - -52 - 19) + (23 - -13).
15
What is the value of 48 - -13 - (-48 + 16 - -21)?
72
Calculate 2 - (68 + -8 + (-43 - -47)).
-62
What is (1 - 0) + -3 + -3 + (-1 - -12 - 32)?
-26
Evaluate -14 + 70 + -49 + -60 + 33.
-20
-17 + (15 - 13) - (-13 + -32 + 48)
-18
Calculate 22 + -29 + 2 + -3 + (-6 - 12).
-26
Evaluate -16 + (6 - -140) + (4 - -